
Let m(q) = -17*q + 3. Determine m(-1).
20
Let y(i) = 2*i + 15. Determine y(-11).
-7
Let w(j) = -j**2 - 8*j + 86. Calculate w(6).
2
Let z(v) = 52*v + 10. What is z(-1)?
-42
Let k(u) = u**3 - 2*u**2 + u + 1. What is k(-1)?
-3
Let t(l) = 3*l**2 - 9*l + 5. Calculate t(4).
17
Let k(a) = a**2 - 14*a - 30. What is k(16)?
2
Let n(d) = d**2 + 6*d + 5. What is n(-4)?
-3
Let d(s) = -s**2 + 2*s + 12. Give d(0).
12
Let u(l) = l**2 - 11*l - 2. Determine u(11).
-2
Let o(j) = 2*j - 33. Determine o(17).
1
Let f(g) = -3*g**3 + 27*g**2 - 5. Determine f(9).
-5
Let u(n) = -n**3. What is u(2)?
-8
Let y(f) = 10*f**3 - 2*f**2 + 3. Give y(2).
75
Let o(k) = -k**2 - 5*k + 4. Calculate o(-6).
-2
Let h(u) = -40*u**3 - 2*u**2 - 3*u - 2. Give h(-1).
39
Let m(v) = -3*v**2 - 10*v - 9. Give m(-5).
-34
Let p(m) = -m**2 - 4*m + 2. Determine p(-5).
-3
Let y(w) = -w + 30. Determine y(13).
17
Let m(b) = 4*b + 21. Determine m(-8).
-11
Let u(i) = -8*i**3 - i**2 + 2*i + 2. Calculate u(-1).
7
Let b(g) = g**3 + g**2 + 2*g - 1. Calculate b(2).
15
Let i(z) = z**2 - 16*z - 14. Give i(7).
-77
Let w(b) = 14*b**2 + 98*b - 5. Give w(-7).
-5
Let d(c) = -14*c + 98. Calculate d(7).
0
Let r(i) = i - 6. Give r(-14).
-20
Let n(t) = -t**3 - 5*t**2 + 10*t. Determine n(-7).
28
Let j(o) = -o**3 + 12*o**2 + 3*o - 18. Give j(12).
18
Let x(k) = -k**3 + 5*k**2 + 7*k + 2. What is x(5)?
37
Let x(w) = -8*w - 36. Calculate x(-9).
36
Let v(w) = w**2 + 48*w - 12. Give v(-48).
-12
Let z(n) = 15*n + 7. Calculate z(-2).
-23
Let v(t) = -t**3 + 9*t**2 - 9*t - 1. Calculate v(8).
-9
Let x(z) = -2*z**2 - 22*z - 49. Calculate x(-5).
11
Let d(w) = -w**3 - 6*w**2 - w - 9. Calculate d(-6).
-3
Let j(c) = c**2 - 13*c - 5. What is j(15)?
25
Let z(s) = s + 11. What is z(-6)?
5
Let b(n) = -n + 9. What is b(12)?
-3
Let v(f) = -f**2 + 9*f - 25. What is v(6)?
-7
Let t(w) = -23*w + 37. What is t(-6)?
175
Let b(o) = -o**2 - 3*o + 23. Give b(4).
-5
Let j(v) = -3*v + 1. Calculate j(7).
-20
Let p(a) = -a**2 - 59*a - 722. Give p(-42).
-8
Let y(q) = q**2 + 9*q + 17. Give y(-4).
-3
Let s(h) = 15*h + 325. Give s(-22).
-5
Let b(q) = -q**2 - 2*q + 17. Determine b(-7).
-18
Let k(v) = 5*v + 244. Calculate k(-48).
4
Let n(a) = a**2 + 2*a - 8. What is n(-5)?
7
Let v(f) = -f**3 - 11*f**2 - 5*f - 6. What is v(-11)?
49
Let j(v) = -5*v**2 + 3*v + 1. Give j(-1).
-7
Let k(w) = 31*w - 5. Determine k(2).
57
Let r(y) = y - 9. What is r(5)?
-4
Let u(p) = -14*p - 109. Give u(-7).
-11
Let r(c) = 31*c + 10. Calculate r(-4).
-114
Let s(n) = 5*n - 70. Give s(15).
5
Let n(k) = k**3 - 4*k**2 + 3*k + 4. Determine n(3).
4
Let w(l) = -l**3 - 12*l**2 + 13*l - 3. Give w(-13).
-3
Let r(k) = -k**2 - 12*k + 18. Calculate r(-14).
-10
Let s(v) = v - 7. Calculate s(9).
2
Let a(r) = -3*r - 20. Determine a(-8).
4
Let a(p) = 2*p**2 - 19*p + 10. Calculate a(9).
1
Let z(u) = u**3 + 9*u**2 - u + 8. Calculate z(-9).
17
Let v(s) = s**3 - s**2 - 5*s + 5. What is v(2)?
-1
Let x(r) = 3*r**2 - 66*r + 60. Determine x(21).
-3
Let o(d) = 2*d + 40. Determine o(-18).
4
Let f(v) = 2*v**3 - 6*v**2 - 12*v + 10. Calculate f(4).
-6
Let w(g) = -11*g + 36. Give w(3).
3
Let h(k) = 3*k**2 - 50*k + 99. Give h(2).
11
Let i(a) = -a**3 - 6*a**2 + 3*a - 40. What is i(-7)?
-12
Let m(p) = p**2 + 7*p - 12. Give m(-8).
-4
Let p(x) = -x**2 + 32*x + 28. Calculate p(30).
88
Let j(m) = -15*m - 111. What is j(-8)?
9
Let f(k) = 197*k**2 + 2*k + 2. What is f(-1)?
197
Let u(s) = 70*s + 344. Calculate u(-5).
-6
Let z(f) = -2*f**3 + 18*f**2 + 16. Determine z(9).
16
Let l(x) = x**3 + 8*x**2 - x + 4. Determine l(-8).
12
Let m(t) = -t**3 + 3*t**2 - t - 1. What is m(2)?
1
Let y(c) = -c**2 + 15*c - 11. Calculate y(8).
45
Let x(c) = c**2 - 5*c + 1. Determine x(4).
-3
Let t(u) = u - 13. Determine t(-12).
-25
Let f(m) = 3*m - 7. Give f(6).
11
Let c(y) = -y**2 + 24. Calculate c(0).
24
Let g(q) = -2*q**3 - 78*q**2 + 82*q + 82. Give g(-40).
2
Let t(m) = -m**3 - 6*m**2 - 2*m - 7. What is t(-6)?
5
Let c(a) = a**3 + 4*a. Determine c(-3).
-39
Let q(v) = -v**2 + 16*v - 15. Determine q(14).
13
Let h(j) = -j**2 - 19. Give h(0).
-19
Let i(z) = z**3 - 55*z**2 + 204*z - 9. Calculate i(51).
-9
Let r(a) = a**3 - 5*a**2 - 11*a + 34. What is r(5)?
-21
Let o(j) = j**3 - 37*j**2 + 3*j - 123. Give o(37).
-12
Let m(x) = 14*x + 14. Calculate m(-2).
-14
Let b(r) = -r**3 - 6*r**2 + 3*r + 14. Determine b(-6).
-4
Let g(x) = x**3 + 11*x**2 - 8*x + 44. Give g(-12).
-4
Let y(m) = -3*m + 7. Give y(-3).
16
Let j(q) = -15*q - 209. Determine j(-14).
1
Let i(y) = y**3 + 27*y**2 + 28*y + 45. Give i(-26).
-7
Let f(n) = -n**3 + 7*n**2 - 4*n + 22. Determine f(7).
-6
Let v(i) = i - 29. What is v(0)?
-29
Let v(g) = 2*g**3 + 7*g**2 - g - 4. What is v(-5)?
-74
Let j(m) = -m**3 - 21*m**2 - 41*m - 46. Determine j(-19).
11
Let c(x) = -3*x + 8. Give c(4).
-4
Let o(q) = -q**3 - 6*q**2 - 3*q + 14. Calculate o(-5).
4
Let u(d) = -d**2 - 9*d - 9. Give u(-7).
5
Let y(v) = -8*v**2 + 7*v + 30. Determine y(-3).
-63
Let p(i) = -21*i - 18. What is p(-4)?
66
Let g(p) = p**3 - 7*p**2 - 8*p - 6. Determine g(8).
-6
Let b(x) = -20*x - 9. Give b(-4).
71
Let p(i) = i**3 + 39*i**2 + 7*i + 267. What is p(-39)?
-6
Let u(s) = -5*s**3 - 3*s**2 + 1. Calculate u(1).
-7
Let q(h) = -h**3 - 8*h**2 + 11*h + 30. Calculate q(-9).
12
Let b(r) = -4*r + 6. Determine b(0).
6
Let c(y) = -y**2 + 8*y + 12. Calculate c(-1).
3
Let l(c) = -c**2 + c + 5. Calculate l(3).
-1
Let j(n) = n**3 + 9*n**2 + 10*n + 12. Determine j(-8).
-4
Let j(m) = -m**2 + 3*m - 3. Calculate j(2).
-1
Let y(n) = -n**2 + 27*n + 12. What is y(20)?
152
Let t(k) = -4*k + 7. Calculate t(4).
-9
Let j(x) = -x**3 - 9*x**2 - 6*x + 1. Calculate j(-8).
-15
Let r(p) = -14*p - 8. Determine r(-2).
20
Let s(g) = -2*g - 13. What is s(-9)?
5
Let t(m) = m**3 + 23*m**2 - 2*m - 50. Give t(-23).
-4
Let i(d) = d**3 - 11*d**2 + 11*d + 14. Give i(10).
24
Let b(z) = 2*z**2 - 10*z + 7. Give b(4).
-1
Let l(p) = -p**2 - 7*p - 2. Calculate l(-4).
10
Let h(z) = -z**3 + 9*z**2 - 5*z - 76. Calculate h(6).
2
Let m(q) = -15*q. Give m(2).
-30
Let q(f) = f**2 - 5*f + 6. What is q(7)?
20
Let t(c) = -c**3 - 24*c**2 - 27*c - 26. Give t(-23).
66
Let k(d) = -18*d - 607. Calculate k(-33).
-13
Let s(b) = -5*b**2 + 13*b - 16. What is s(4)?
-44
Let y(n) = 2*n**3 - 15*n**2 - 6*n - 9. Give y(8).
7
Let w(c) = -5*c + 3. Give w(-4).
23
Let u(i) = 5*i - 25. What is u(6)?
5
Let o(f) = f**2 - 7*f + 13. Calculate o(5).
3
Let z(h) = h**3 + 8*h**2 + 11*h - 17. Give z(-7).
-45
Let r(m) = m**3 + 10*m**2 + 10*m - 42. Give r(-8).
6
Let y(m) = m**3 - 47*m**2 + 51*m - 226. Give y(46).
4
Let b(z) = -2*z**3 - 14*z + 13. Give b(0).
13
Let d(m) = m**2 + 7*m - 18. What is d(-8)?
-10
Let w(t) = -3*t**2 - 13*t + 6. Calculate w(-5).
-4
Let m(t) = t**2 - 5*t - 1. Give m(6).
5
Let d(c) = c**3 - 7*c**2 + 4*c - 10. Calculate d(6).
-22
Let c(n) = -8*n + 6. Calculate c(-2).
22
Let o(t) = t**2 - 12. Calculate o(7).
37
Let q(s) = -s**2 + s + 55. Determine q(-6).
13
Let c(u) = u**3 - 6*u**2 - 9*u + 9. Give c(7).
-5
Let p(n) = -3*n + 1. Calculate p(-1).
4
Let f(h) = -4*h - 7. Give f(-3).
5
Let u(h) = h**3 + 5*h**2 + 3*h - 3. Calculate u(-4).
1
Let y(n) = n**3 + 27*n**2 - 28*n - 16. What is y(-28)?
-16
Let j(d) = -2*d - 33. What is j(-23)?
13
Let x(l) = -l**3 - 7*l**2 - 6*l + 3. Give x(-6).
3
Let i(m) = m**3 + 10*m**2 + 2*m + 10. Give i(-10).
-10
Let j(c) = c + 24. What is j(-23)?
1
Let u(c) = -c**2 - 47*c + 157. Determine u(-50).
7
Let n(t) = -3*t - 22. Calculate n(-11).
11
Let a(u) = -u**3 + 3*u - 4. Determine a(2).
-6
Let r(q) = -q**2 + 11*q + 29. What is r(13)?
3
Let f(p) = -p**2 - 10*p - 9. Determine f(-9).
0
Let m(v) = v + 3. Determine m(-3).
0
Let g(z) = z**3 + 7*z**2 + 3*z - 3. What is g(-6)?
15
Let j(w) = -w**3 - 5*w**2 + 4*w - 2. Determine j(-5).
-22
Let p(u) = u**3 + 6*u**2 - 12*u + 10. Determine p(-8).
-22
Let w(i) = -i**2 + 4*i + 67. Determine w(10).
7
Let l(t) = -3*t**2 + 3*t + 1. Calculate l(2).
-5
Let a(f) = 2*f**3 - 22*f**2 + 13. Give a(11).
13
Let o(g) = -g**3 - 7*g**2 - 8. What is o(-7)?
-8
Let b(x) = 8*x - 7. Give b(1).
1
Let j(g) = -g**2 - 14*g + 2. What is j(-14)?
2
Let l(j) = j**3 + 33*j**2 + 4. What is l(-33)?
4
Let o(w) = -w**3 + 18*w**2 + 20*w - 5. What is o(19)?
14
Let g(v) = 3*v**2 + 26*v - 16. Give g(-9).
-7
Let m(c) = -c**3 + 40*c - 20. Determine m(6).
4
Let o(y) = 3*y**2 - 5*y. Wha